{"id":4363,"date":"2020-03-10T11:19:57","date_gmt":"2020-03-10T14:19:57","guid":{"rendered":"https:\/\/www.sbmfc.org.br\/?page_id=4363"},"modified":"2020-03-10T11:25:25","modified_gmt":"2020-03-10T14:25:25","slug":"comunicados-e-declaracoes","status":"publish","type":"page","link":"https:\/\/sbmfc.org.br\/site-antigo\/comunicados-e-declaracoes\/","title":{"rendered":"Comunicados e Declara\u00e7\u00f5es"},"content":{"rendered":"<p>DECLARA\u00c7\u00c3O DE CONFORMIDADE COM A LEI GERAL DE PROTE\u00c7\u00c3O DE DADOS \u2013 LEI No 13.709, DE 14 DE AGOSTO DE 2018: <a href=\"https:\/\/www.sbmfc.org.br\/wp-content\/uploads\/2020\/03\/Declarac\u0327a\u0303o-de-Adequac\u0327a\u0303o-LGPD.pdf\">Declarac\u0327a\u0303o de Adequac\u0327a\u0303o LGPD<\/a><\/p>\n<p>COMUNICADO SOBRE REPRODU\u00c7\u00c3O DE LIVROS E MATERIAIS CIENT\u00cdFICOS: <a href=\"https:\/\/www.sbmfc.org.br\/wp-content\/uploads\/2020\/03\/Comunicado-Compartilhamento-de-Material-Cienti\u0301fico.pdf\">Comunicado Compartilhamento de Material Cienti\u0301fico<\/a><\/p>\n","protected":false},"excerpt":{"rendered":"<p>DECLARA\u00c7\u00c3O DE CONFORMIDADE COM A LEI GERAL DE PROTE\u00c7\u00c3O DE DADOS \u2013 LEI No 13.709, DE 14 DE AGOSTO DE 2018: Declarac\u0327a\u0303o de Adequac\u0327a\u0303o LGPD COMUNICADO SOBRE REPRODU\u00c7\u00c3O DE LIVROS E MATERIAIS CIENT\u00cdFICOS: Comunicado Compartilhamento de Material Cienti\u0301fico<\/p>\n","protected":false},"author":1,"featured_media":0,"parent":0,"menu_order":0,"comment_status":"closed","ping_status":"closed","template":"","meta":[],"yoast_head":"<!-- This site is optimized with the Yoast SEO plugin v17.9 - https:\/\/yoast.com\/wordpress\/plugins\/seo\/ -->\n<meta name=\"robots\" content=\"index, follow, max-snippet:-1, max-image-preview:large, max-video-preview:-1\" \/>\n<link rel=\"canonical\" href=\"https:\/\/sbmfc.org.br\/site-antigo\/comunicados-e-declaracoes\/\" \/>\n<meta property=\"og:locale\" content=\"pt_BR\" \/>\n<meta property=\"og:type\" content=\"article\" \/>\n<meta property=\"og:title\" content=\"Comunicados e Declara\u00e7\u00f5es - SBMFC\" \/>\n<meta property=\"og:description\" content=\"DECLARA\u00c7\u00c3O DE CONFORMIDADE COM A LEI GERAL DE PROTE\u00c7\u00c3O DE DADOS \u2013 LEI No 13.709, DE 14 DE AGOSTO DE 2018: Declarac\u0327a\u0303o de Adequac\u0327a\u0303o LGPD COMUNICADO SOBRE REPRODU\u00c7\u00c3O DE LIVROS E MATERIAIS CIENT\u00cdFICOS: Comunicado Compartilhamento de Material Cienti\u0301fico\" \/>\n<meta property=\"og:url\" content=\"https:\/\/sbmfc.org.br\/site-antigo\/comunicados-e-declaracoes\/\" \/>\n<meta property=\"og:site_name\" content=\"SBMFC\" \/>\n<meta property=\"article:modified_time\" content=\"2020-03-10T14:25:25+00:00\" \/>\n<meta name=\"twitter:card\" content=\"summary_large_image\" \/>\n<script type=\"application\/ld+json\" class=\"yoast-schema-graph\">{\"@context\":\"https:\/\/schema.org\",\"@graph\":[{\"@type\":\"WebSite\",\"@id\":\"https:\/\/sbmfc.org.br\/site-antigo\/#website\",\"url\":\"https:\/\/sbmfc.org.br\/site-antigo\/\",\"name\":\"SBMFC\",\"description\":\"Sociedade Brasileira de Medicina de Fam\\u00edlia e Comunidade\",\"potentialAction\":[{\"@type\":\"SearchAction\",\"target\":{\"@type\":\"EntryPoint\",\"urlTemplate\":\"https:\/\/sbmfc.org.br\/site-antigo\/?s={search_term_string}\"},\"query-input\":\"required name=search_term_string\"}],\"inLanguage\":\"pt-BR\"},{\"@type\":\"WebPage\",\"@id\":\"https:\/\/sbmfc.org.br\/site-antigo\/comunicados-e-declaracoes\/#webpage\",\"url\":\"https:\/\/sbmfc.org.br\/site-antigo\/comunicados-e-declaracoes\/\",\"name\":\"Comunicados e Declara\\u00e7\\u00f5es - SBMFC\",\"isPartOf\":{\"@id\":\"https:\/\/sbmfc.org.br\/site-antigo\/#website\"},\"datePublished\":\"2020-03-10T14:19:57+00:00\",\"dateModified\":\"2020-03-10T14:25:25+00:00\",\"breadcrumb\":{\"@id\":\"https:\/\/sbmfc.org.br\/site-antigo\/comunicados-e-declaracoes\/#breadcrumb\"},\"inLanguage\":\"pt-BR\",\"potentialAction\":[{\"@type\":\"ReadAction\",\"target\":[\"https:\/\/sbmfc.org.br\/site-antigo\/comunicados-e-declaracoes\/\"]}]},{\"@type\":\"BreadcrumbList\",\"@id\":\"https:\/\/sbmfc.org.br\/site-antigo\/comunicados-e-declaracoes\/#breadcrumb\",\"itemListElement\":[{\"@type\":\"ListItem\",\"position\":1,\"name\":\"In\\u00edcio\",\"item\":\"https:\/\/sbmfc.org.br\/site-antigo\/\"},{\"@type\":\"ListItem\",\"position\":2,\"name\":\"Comunicados e Declara\\u00e7\\u00f5es\"}]}]}<\/script>\n<!-- \/ Yoast SEO plugin. -->","yoast_head_json":{"robots":{"index":"index","follow":"follow","max-snippet":"max-snippet:-1","max-image-preview":"max-image-preview:large","max-video-preview":"max-video-preview:-1"},"canonical":"https:\/\/sbmfc.org.br\/site-antigo\/comunicados-e-declaracoes\/","og_locale":"pt_BR","og_type":"article","og_title":"Comunicados e Declara\u00e7\u00f5es - SBMFC","og_description":"DECLARA\u00c7\u00c3O DE CONFORMIDADE COM A LEI GERAL DE PROTE\u00c7\u00c3O DE DADOS \u2013 LEI No 13.709, DE 14 DE AGOSTO DE 2018: Declarac\u0327a\u0303o de Adequac\u0327a\u0303o LGPD COMUNICADO SOBRE REPRODU\u00c7\u00c3O DE LIVROS E MATERIAIS CIENT\u00cdFICOS: Comunicado Compartilhamento de Material Cienti\u0301fico","og_url":"https:\/\/sbmfc.org.br\/site-antigo\/comunicados-e-declaracoes\/","og_site_name":"SBMFC","article_modified_time":"2020-03-10T14:25:25+00:00","twitter_card":"summary_large_image","schema":{"@context":"https:\/\/schema.org","@graph":[{"@type":"WebSite","@id":"https:\/\/sbmfc.org.br\/site-antigo\/#website","url":"https:\/\/sbmfc.org.br\/site-antigo\/","name":"SBMFC","description":"Sociedade Brasileira de Medicina de Fam\u00edlia e Comunidade","potentialAction":[{"@type":"SearchAction","target":{"@type":"EntryPoint","urlTemplate":"https:\/\/sbmfc.org.br\/site-antigo\/?s={search_term_string}"},"query-input":"required name=search_term_string"}],"inLanguage":"pt-BR"},{"@type":"WebPage","@id":"https:\/\/sbmfc.org.br\/site-antigo\/comunicados-e-declaracoes\/#webpage","url":"https:\/\/sbmfc.org.br\/site-antigo\/comunicados-e-declaracoes\/","name":"Comunicados e Declara\u00e7\u00f5es - SBMFC","isPartOf":{"@id":"https:\/\/sbmfc.org.br\/site-antigo\/#website"},"datePublished":"2020-03-10T14:19:57+00:00","dateModified":"2020-03-10T14:25:25+00:00","breadcrumb":{"@id":"https:\/\/sbmfc.org.br\/site-antigo\/comunicados-e-declaracoes\/#breadcrumb"},"inLanguage":"pt-BR","potentialAction":[{"@type":"ReadAction","target":["https:\/\/sbmfc.org.br\/site-antigo\/comunicados-e-declaracoes\/"]}]},{"@type":"BreadcrumbList","@id":"https:\/\/sbmfc.org.br\/site-antigo\/comunicados-e-declaracoes\/#breadcrumb","itemListElement":[{"@type":"ListItem","position":1,"name":"In\u00edcio","item":"https:\/\/sbmfc.org.br\/site-antigo\/"},{"@type":"ListItem","position":2,"name":"Comunicados e Declara\u00e7\u00f5es"}]}]}},"_links":{"self":[{"href":"https:\/\/sbmfc.org.br\/site-antigo\/wp-json\/wp\/v2\/pages\/4363"}],"collection":[{"href":"https:\/\/sbmfc.org.br\/site-antigo\/wp-json\/wp\/v2\/pages"}],"about":[{"href":"https:\/\/sbmfc.org.br\/site-antigo\/wp-json\/wp\/v2\/types\/page"}],"author":[{"embeddable":true,"href":"https:\/\/sbmfc.org.br\/site-antigo\/wp-json\/wp\/v2\/users\/1"}],"replies":[{"embeddable":true,"href":"https:\/\/sbmfc.org.br\/site-antigo\/wp-json\/wp\/v2\/comments?post=4363"}],"version-history":[{"count":4,"href":"https:\/\/sbmfc.org.br\/site-antigo\/wp-json\/wp\/v2\/pages\/4363\/revisions"}],"predecessor-version":[{"id":4370,"href":"https:\/\/sbmfc.org.br\/site-antigo\/wp-json\/wp\/v2\/pages\/4363\/revisions\/4370"}],"wp:attachment":[{"href":"https:\/\/sbmfc.org.br\/site-antigo\/wp-json\/wp\/v2\/media?parent=4363"}],"curies":[{"name":"wp","href":"https:\/\/api.w.org\/{rel}","templated":true}]}}