{"id":2045,"date":"2025-05-28T21:03:55","date_gmt":"2025-05-29T00:03:55","guid":{"rendered":"https:\/\/sbmfc.org.br\/18cbmfc\/?page_id=2045"},"modified":"2025-05-30T17:35:35","modified_gmt":"2025-05-30T20:35:35","slug":"lista-monitores","status":"publish","type":"page","link":"https:\/\/sbmfc.org.br\/18cbmfc\/lista-monitores\/","title":{"rendered":"Lista monitores"},"content":{"rendered":"\t\t<div data-elementor-type=\"wp-page\" data-elementor-id=\"2045\" class=\"elementor elementor-2045\" data-elementor-post-type=\"page\">\n\t\t\t\t<div class=\"elementor-element elementor-element-f01d076 e-flex e-con-boxed e-con e-parent\" data-id=\"f01d076\" data-element_type=\"container\">\n\t\t\t\t\t<div class=\"e-con-inner\">\n\t\t<div class=\"elementor-element elementor-element-2217881 e-con-full e-flex e-con e-child\" data-id=\"2217881\" data-element_type=\"container\">\n\t\t\t\t<div class=\"elementor-element elementor-element-b046afb elementor-widget elementor-widget-heading\" data-id=\"b046afb\" data-element_type=\"widget\" data-widget_type=\"heading.default\">\n\t\t\t\t<div class=\"elementor-widget-container\">\n\t\t\t\t\t<h1 class=\"elementor-heading-title elementor-size-default\">Lista Monitores<\/h1>\t\t\t\t<\/div>\n\t\t\t\t<\/div>\n\t\t\t\t<\/div>\n\t\t\t\t<div class=\"elementor-element elementor-element-97d3cdd elementor-widget elementor-widget-text-editor\" data-id=\"97d3cdd\" data-element_type=\"widget\" data-widget_type=\"text-editor.default\">\n\t\t\t\t<div class=\"elementor-widget-container\">\n\t\t\t\t\t\t\t\t\t<p>Confira os nomes que ser\u00e3o chamados para a monitoria no 18\u00b0 CBMFC. Consulte a grade para verificar o dia e hor\u00e1rio da sua participa\u00e7\u00e3o.<\/p>\t\t\t\t\t\t\t\t<\/div>\n\t\t\t\t<\/div>\n\t\t<div class=\"elementor-element elementor-element-360fb12 e-con-full e-flex e-con e-child\" data-id=\"360fb12\" data-element_type=\"container\" data-settings=\"{&quot;background_background&quot;:&quot;classic&quot;}\">\n\t\t<div class=\"elementor-element elementor-element-aded015 e-con-full e-flex e-con e-child\" data-id=\"aded015\" data-element_type=\"container\" data-settings=\"{&quot;background_background&quot;:&quot;classic&quot;}\">\n\t\t\t\t<div class=\"elementor-element elementor-element-a4f9ea7 elementor-widget elementor-widget-text-editor\" data-id=\"a4f9ea7\" data-element_type=\"widget\" data-widget_type=\"text-editor.default\">\n\t\t\t\t<div class=\"elementor-widget-container\">\n\t\t\t\t\t\t\t\t\t<div><div><strong style=\"color: #ff0000;\">IMPORTANTE:<\/strong> Para confirmar sua participa\u00e7\u00e3o, \u00e9 necess\u00e1rio realizar o cadastro de sua inscri\u00e7\u00e3o no menu inscreva-se. N\u00e3o gere fatura. Somente realize o preenchimento do formul\u00e1rio.<\/div><\/div>\t\t\t\t\t\t\t\t<\/div>\n\t\t\t\t<\/div>\n\t\t\t\t<\/div>\n\t\t\t\t<\/div>\n\t\t\t\t<div class=\"elementor-element elementor-element-b90bf6c elementor-widget elementor-widget-text-editor\" data-id=\"b90bf6c\" data-element_type=\"widget\" data-widget_type=\"text-editor.default\">\n\t\t\t\t<div class=\"elementor-widget-container\">\n\t\t\t\t\t\t\t\t\t<p>S\u00f3 receber\u00e1 o certificado de monitoria e participa\u00e7\u00e3o do evento o aluno que cumprir com a escala pr\u00e9-determinada. Haver\u00e1 controle de chegada e sa\u00edda.<\/p>\t\t\t\t\t\t\t\t<\/div>\n\t\t\t\t<\/div>\n\t\t<div class=\"elementor-element elementor-element-cf3dd2d e-con-full e-flex e-con e-child\" data-id=\"cf3dd2d\" data-element_type=\"container\">\n\t\t\t\t<div class=\"elementor-element elementor-element-4765db3 elementor-widget elementor-widget-image\" data-id=\"4765db3\" data-element_type=\"widget\" data-widget_type=\"image.default\">\n\t\t\t\t<div class=\"elementor-widget-container\">\n\t\t\t\t\t\t\t\t\t\t\t\t\t\t\t<img decoding=\"async\" width=\"1374\" height=\"4\" src=\"https:\/\/sbmfc.org.br\/18cbmfc\/wp-content\/uploads\/2024\/05\/faixa-cores.png\" class=\"attachment-full size-full wp-image-156\" alt=\"\" srcset=\"https:\/\/sbmfc.org.br\/18cbmfc\/wp-content\/uploads\/2024\/05\/faixa-cores.png 1374w, https:\/\/sbmfc.org.br\/18cbmfc\/wp-content\/uploads\/2024\/05\/faixa-cores-300x1.png 300w, https:\/\/sbmfc.org.br\/18cbmfc\/wp-content\/uploads\/2024\/05\/faixa-cores-1024x3.png 1024w, https:\/\/sbmfc.org.br\/18cbmfc\/wp-content\/uploads\/2024\/05\/faixa-cores-768x2.png 768w\" sizes=\"(max-width: 1374px) 100vw, 1374px\" \/>\t\t\t\t\t\t\t\t\t\t\t\t\t\t\t<\/div>\n\t\t\t\t<\/div>\n\t\t\t\t<\/div>\n\t\t\t\t<div class=\"elementor-element elementor-element-6409ddf elementor-widget elementor-widget-html\" data-id=\"6409ddf\" data-element_type=\"widget\" data-widget_type=\"html.default\">\n\t\t\t\t<div class=\"elementor-widget-container\">\n\t\t\t\t\t<iframe height=\"700\" width=\"100%\" src=\"https:\/\/sbmfc.org.br\/18cbmfc\/wp-content\/uploads\/2025\/05\/RESULTADO-CHAMAMENTO-MONITORIA.pdf\"><\/iframe>\n\n<br>\n<br><br>\n\n<iframe height=\"700\" width=\"100%\" src=\"https:\/\/sbmfc.org.br\/18cbmfc\/wp-content\/uploads\/2025\/05\/GRADE-DATA-E-HORARIO-MONITORIA-2.pdf\"><\/iframe>\t\t\t\t<\/div>\n\t\t\t\t<\/div>\n\t\t\t\t\t<\/div>\n\t\t\t\t<\/div>\n\t\t\t\t<\/div>\n\t\t","protected":false},"excerpt":{"rendered":"<p>Lista Monitores Confira os nomes que ser\u00e3o chamados para a monitoria no 18\u00b0 CBMFC. Consulte a grade para verificar o dia e hor\u00e1rio da sua participa\u00e7\u00e3o. IMPORTANTE: Para confirmar sua participa\u00e7\u00e3o, \u00e9 necess\u00e1rio realizar o cadastro de sua inscri\u00e7\u00e3o no menu inscreva-se. N\u00e3o gere fatura. Somente realize o preenchimento do formul\u00e1rio. S\u00f3 receber\u00e1 o certificado&#8230;<\/p>\n","protected":false},"author":1,"featured_media":0,"parent":0,"menu_order":0,"comment_status":"closed","ping_status":"closed","template":"elementor_header_footer","meta":{"inline_featured_image":false,"footnotes":""},"class_list":["post-2045","page","type-page","status-publish","hentry"],"yoast_head":"<!-- This site is optimized with the Yoast SEO plugin v26.3 - https:\/\/yoast.com\/wordpress\/plugins\/seo\/ -->\n<title>Lista monitores - 18\u00ba CBMFC<\/title>\n<meta name=\"robots\" content=\"index, follow, max-snippet:-1, max-image-preview:large, max-video-preview:-1\" \/>\n<link rel=\"canonical\" href=\"https:\/\/sbmfc.org.br\/18cbmfc\/lista-monitores\/\" \/>\n<meta property=\"og:locale\" content=\"pt_BR\" \/>\n<meta property=\"og:type\" content=\"article\" \/>\n<meta property=\"og:title\" content=\"Lista monitores - 18\u00ba CBMFC\" \/>\n<meta property=\"og:description\" content=\"Lista Monitores Confira os nomes que ser\u00e3o chamados para a monitoria no 18\u00b0 CBMFC. Consulte a grade para verificar o dia e hor\u00e1rio da sua participa\u00e7\u00e3o. IMPORTANTE: Para confirmar sua participa\u00e7\u00e3o, \u00e9 necess\u00e1rio realizar o cadastro de sua inscri\u00e7\u00e3o no menu inscreva-se. N\u00e3o gere fatura. Somente realize o preenchimento do formul\u00e1rio. S\u00f3 receber\u00e1 o certificado...\" \/>\n<meta property=\"og:url\" content=\"https:\/\/sbmfc.org.br\/18cbmfc\/lista-monitores\/\" \/>\n<meta property=\"og:site_name\" content=\"18\u00ba CBMFC\" \/>\n<meta property=\"article:modified_time\" content=\"2025-05-30T20:35:35+00:00\" \/>\n<meta property=\"og:image\" content=\"https:\/\/sbmfc.org.br\/18cbmfc\/wp-content\/uploads\/2024\/05\/faixa-cores.png\" \/>\n<meta name=\"twitter:card\" content=\"summary_large_image\" \/>\n<meta name=\"twitter:label1\" content=\"Est. tempo de leitura\" \/>\n\t<meta name=\"twitter:data1\" content=\"1 minuto\" \/>\n<script type=\"application\/ld+json\" class=\"yoast-schema-graph\">{\"@context\":\"https:\/\/schema.org\",\"@graph\":[{\"@type\":\"WebPage\",\"@id\":\"https:\/\/sbmfc.org.br\/18cbmfc\/lista-monitores\/\",\"url\":\"https:\/\/sbmfc.org.br\/18cbmfc\/lista-monitores\/\",\"name\":\"Lista monitores - 18\u00ba CBMFC\",\"isPartOf\":{\"@id\":\"https:\/\/sbmfc.org.br\/18cbmfc\/#website\"},\"primaryImageOfPage\":{\"@id\":\"https:\/\/sbmfc.org.br\/18cbmfc\/lista-monitores\/#primaryimage\"},\"image\":{\"@id\":\"https:\/\/sbmfc.org.br\/18cbmfc\/lista-monitores\/#primaryimage\"},\"thumbnailUrl\":\"https:\/\/sbmfc.org.br\/18cbmfc\/wp-content\/uploads\/2024\/05\/faixa-cores.png\",\"datePublished\":\"2025-05-29T00:03:55+00:00\",\"dateModified\":\"2025-05-30T20:35:35+00:00\",\"breadcrumb\":{\"@id\":\"https:\/\/sbmfc.org.br\/18cbmfc\/lista-monitores\/#breadcrumb\"},\"inLanguage\":\"pt-BR\",\"potentialAction\":[{\"@type\":\"ReadAction\",\"target\":[\"https:\/\/sbmfc.org.br\/18cbmfc\/lista-monitores\/\"]}]},{\"@type\":\"ImageObject\",\"inLanguage\":\"pt-BR\",\"@id\":\"https:\/\/sbmfc.org.br\/18cbmfc\/lista-monitores\/#primaryimage\",\"url\":\"https:\/\/sbmfc.org.br\/18cbmfc\/wp-content\/uploads\/2024\/05\/faixa-cores.png\",\"contentUrl\":\"https:\/\/sbmfc.org.br\/18cbmfc\/wp-content\/uploads\/2024\/05\/faixa-cores.png\",\"width\":1374,\"height\":4},{\"@type\":\"BreadcrumbList\",\"@id\":\"https:\/\/sbmfc.org.br\/18cbmfc\/lista-monitores\/#breadcrumb\",\"itemListElement\":[{\"@type\":\"ListItem\",\"position\":1,\"name\":\"In\u00edcio\",\"item\":\"https:\/\/sbmfc.org.br\/18cbmfc\/\"},{\"@type\":\"ListItem\",\"position\":2,\"name\":\"Lista monitores\"}]},{\"@type\":\"WebSite\",\"@id\":\"https:\/\/sbmfc.org.br\/18cbmfc\/#website\",\"url\":\"https:\/\/sbmfc.org.br\/18cbmfc\/\",\"name\":\"18\u00ba CBMFC\",\"description\":\"\",\"publisher\":{\"@id\":\"https:\/\/sbmfc.org.br\/18cbmfc\/#organization\"},\"potentialAction\":[{\"@type\":\"SearchAction\",\"target\":{\"@type\":\"EntryPoint\",\"urlTemplate\":\"https:\/\/sbmfc.org.br\/18cbmfc\/?s={search_term_string}\"},\"query-input\":{\"@type\":\"PropertyValueSpecification\",\"valueRequired\":true,\"valueName\":\"search_term_string\"}}],\"inLanguage\":\"pt-BR\"},{\"@type\":\"Organization\",\"@id\":\"https:\/\/sbmfc.org.br\/18cbmfc\/#organization\",\"name\":\"18\u00ba CBMFC\",\"url\":\"https:\/\/sbmfc.org.br\/18cbmfc\/\",\"logo\":{\"@type\":\"ImageObject\",\"inLanguage\":\"pt-BR\",\"@id\":\"https:\/\/sbmfc.org.br\/18cbmfc\/#\/schema\/logo\/image\/\",\"url\":\"https:\/\/sbmfc.org.br\/18cbmfc\/wp-content\/uploads\/2024\/05\/logo.png\",\"contentUrl\":\"https:\/\/sbmfc.org.br\/18cbmfc\/wp-content\/uploads\/2024\/05\/logo.png\",\"width\":510,\"height\":132,\"caption\":\"18\u00ba CBMFC\"},\"image\":{\"@id\":\"https:\/\/sbmfc.org.br\/18cbmfc\/#\/schema\/logo\/image\/\"}}]}<\/script>\n<!-- \/ Yoast SEO plugin. -->","yoast_head_json":{"title":"Lista monitores - 18\u00ba CBMFC","robots":{"index":"index","follow":"follow","max-snippet":"max-snippet:-1","max-image-preview":"max-image-preview:large","max-video-preview":"max-video-preview:-1"},"canonical":"https:\/\/sbmfc.org.br\/18cbmfc\/lista-monitores\/","og_locale":"pt_BR","og_type":"article","og_title":"Lista monitores - 18\u00ba CBMFC","og_description":"Lista Monitores Confira os nomes que ser\u00e3o chamados para a monitoria no 18\u00b0 CBMFC. Consulte a grade para verificar o dia e hor\u00e1rio da sua participa\u00e7\u00e3o. IMPORTANTE: Para confirmar sua participa\u00e7\u00e3o, \u00e9 necess\u00e1rio realizar o cadastro de sua inscri\u00e7\u00e3o no menu inscreva-se. N\u00e3o gere fatura. Somente realize o preenchimento do formul\u00e1rio. S\u00f3 receber\u00e1 o certificado...","og_url":"https:\/\/sbmfc.org.br\/18cbmfc\/lista-monitores\/","og_site_name":"18\u00ba CBMFC","article_modified_time":"2025-05-30T20:35:35+00:00","og_image":[{"url":"https:\/\/sbmfc.org.br\/18cbmfc\/wp-content\/uploads\/2024\/05\/faixa-cores.png","type":"","width":"","height":""}],"twitter_card":"summary_large_image","twitter_misc":{"Est. tempo de leitura":"1 minuto"},"schema":{"@context":"https:\/\/schema.org","@graph":[{"@type":"WebPage","@id":"https:\/\/sbmfc.org.br\/18cbmfc\/lista-monitores\/","url":"https:\/\/sbmfc.org.br\/18cbmfc\/lista-monitores\/","name":"Lista monitores - 18\u00ba CBMFC","isPartOf":{"@id":"https:\/\/sbmfc.org.br\/18cbmfc\/#website"},"primaryImageOfPage":{"@id":"https:\/\/sbmfc.org.br\/18cbmfc\/lista-monitores\/#primaryimage"},"image":{"@id":"https:\/\/sbmfc.org.br\/18cbmfc\/lista-monitores\/#primaryimage"},"thumbnailUrl":"https:\/\/sbmfc.org.br\/18cbmfc\/wp-content\/uploads\/2024\/05\/faixa-cores.png","datePublished":"2025-05-29T00:03:55+00:00","dateModified":"2025-05-30T20:35:35+00:00","breadcrumb":{"@id":"https:\/\/sbmfc.org.br\/18cbmfc\/lista-monitores\/#breadcrumb"},"inLanguage":"pt-BR","potentialAction":[{"@type":"ReadAction","target":["https:\/\/sbmfc.org.br\/18cbmfc\/lista-monitores\/"]}]},{"@type":"ImageObject","inLanguage":"pt-BR","@id":"https:\/\/sbmfc.org.br\/18cbmfc\/lista-monitores\/#primaryimage","url":"https:\/\/sbmfc.org.br\/18cbmfc\/wp-content\/uploads\/2024\/05\/faixa-cores.png","contentUrl":"https:\/\/sbmfc.org.br\/18cbmfc\/wp-content\/uploads\/2024\/05\/faixa-cores.png","width":1374,"height":4},{"@type":"BreadcrumbList","@id":"https:\/\/sbmfc.org.br\/18cbmfc\/lista-monitores\/#breadcrumb","itemListElement":[{"@type":"ListItem","position":1,"name":"In\u00edcio","item":"https:\/\/sbmfc.org.br\/18cbmfc\/"},{"@type":"ListItem","position":2,"name":"Lista monitores"}]},{"@type":"WebSite","@id":"https:\/\/sbmfc.org.br\/18cbmfc\/#website","url":"https:\/\/sbmfc.org.br\/18cbmfc\/","name":"18\u00ba CBMFC","description":"","publisher":{"@id":"https:\/\/sbmfc.org.br\/18cbmfc\/#organization"},"potentialAction":[{"@type":"SearchAction","target":{"@type":"EntryPoint","urlTemplate":"https:\/\/sbmfc.org.br\/18cbmfc\/?s={search_term_string}"},"query-input":{"@type":"PropertyValueSpecification","valueRequired":true,"valueName":"search_term_string"}}],"inLanguage":"pt-BR"},{"@type":"Organization","@id":"https:\/\/sbmfc.org.br\/18cbmfc\/#organization","name":"18\u00ba CBMFC","url":"https:\/\/sbmfc.org.br\/18cbmfc\/","logo":{"@type":"ImageObject","inLanguage":"pt-BR","@id":"https:\/\/sbmfc.org.br\/18cbmfc\/#\/schema\/logo\/image\/","url":"https:\/\/sbmfc.org.br\/18cbmfc\/wp-content\/uploads\/2024\/05\/logo.png","contentUrl":"https:\/\/sbmfc.org.br\/18cbmfc\/wp-content\/uploads\/2024\/05\/logo.png","width":510,"height":132,"caption":"18\u00ba CBMFC"},"image":{"@id":"https:\/\/sbmfc.org.br\/18cbmfc\/#\/schema\/logo\/image\/"}}]}},"_links":{"self":[{"href":"https:\/\/sbmfc.org.br\/18cbmfc\/wp-json\/wp\/v2\/pages\/2045","targetHints":{"allow":["GET"]}}],"collection":[{"href":"https:\/\/sbmfc.org.br\/18cbmfc\/wp-json\/wp\/v2\/pages"}],"about":[{"href":"https:\/\/sbmfc.org.br\/18cbmfc\/wp-json\/wp\/v2\/types\/page"}],"author":[{"embeddable":true,"href":"https:\/\/sbmfc.org.br\/18cbmfc\/wp-json\/wp\/v2\/users\/1"}],"replies":[{"embeddable":true,"href":"https:\/\/sbmfc.org.br\/18cbmfc\/wp-json\/wp\/v2\/comments?post=2045"}],"version-history":[{"count":22,"href":"https:\/\/sbmfc.org.br\/18cbmfc\/wp-json\/wp\/v2\/pages\/2045\/revisions"}],"predecessor-version":[{"id":2081,"href":"https:\/\/sbmfc.org.br\/18cbmfc\/wp-json\/wp\/v2\/pages\/2045\/revisions\/2081"}],"wp:attachment":[{"href":"https:\/\/sbmfc.org.br\/18cbmfc\/wp-json\/wp\/v2\/media?parent=2045"}],"curies":[{"name":"wp","href":"https:\/\/api.w.org\/{rel}","templated":true}]}}